{"id":2516,"date":"2023-04-20T08:12:17","date_gmt":"2023-04-20T06:12:17","guid":{"rendered":"https:\/\/ih.olsztyn.pl\/?page_id=2516"},"modified":"2024-04-12T08:03:54","modified_gmt":"2024-04-12T06:03:54","slug":"informacja-o-wojewodzkim-inspektoracie-inspekcji-handlowej-w-olsztynie-w-tekscie-latwym-do-czytania-i-zrozumienia","status":"publish","type":"page","link":"https:\/\/ih.olsztyn.pl\/index.php\/informacja-o-wojewodzkim-inspektoracie-inspekcji-handlowej-w-olsztynie-w-tekscie-latwym-do-czytania-i-zrozumienia\/","title":{"rendered":"Informacja o Wojew\u00f3dzkim Inspektoracie Inspekcji Handlowej w Olsztynie  w tek\u015bcie \u0142atwym do czytania i zrozumienia"},"content":{"rendered":"<p><strong>Informacja o Wojew\u00f3dzkim Inspektoracie Inspekcji Handlowej w Olsztynie \u00a0w tek\u015bcie \u0142atwym do czytania i zrozumienia<\/strong><\/p>\n<p><strong>\u00a0<\/strong><strong>Wojew\u00f3dzki Inspektorat Inspekcji Handlowej w Olsztynie \u2013 \u00a0w skr\u00f3cie \u00a0Inspekcja Handlowa,\u00a0 \u00a0mie\u015bci si\u0119\u00a0 w Olsztynie \u00a0na ul. D\u0105browszczak\u00f3w 10, \u00a0\u00a0\u00a0\u00a0\u00a0\u00a010 \u2013 540 Olsztyn<\/strong><\/p>\n<p><strong>Szefem Inspekcji Handlowej w wojew\u00f3dztwie Warmi\u0144sko \u2013 Mazurskim jest Warmi\u0144sko \u2013 Mazurski Wojew\u00f3dzki Inspektor Inspekcji Handlowej \u2013 Krystyna Procyk<br \/>\n<\/strong><\/p>\n<p><strong>\u00a0<\/strong><\/p>\n<p><strong>Inspekcja Handlowa<\/strong> zajmuje si\u0119 kontrol\u0105 przedsi\u0119biorc\u00f3w i ochron\u0105 konsument\u00f3w.<\/p>\n<p>W Inspekcji Handlowej mo\u017cesz uzyska\u0107 pomoc:<\/p>\n<p>&#8211; gdy kupisz wadliwy towar,<\/p>\n<p>&#8211; gdy sprzedawca odm\u00f3wi ci przyj\u0119cia reklamacji,<\/p>\n<p>&#8211; gdy sprzedawca odm\u00f3wi ci uznania reklamacji,<\/p>\n<p>&#8211; gdy b\u0119dziesz chcia\u0142 odda\u0107 towar kupiony przez Internet,<\/p>\n<p>&#8211; gdy b\u0119dziesz chcia\u0142 odda\u0107 towar kupiony na pokazie.<\/p>\n<p><strong>\u00a0<\/strong><\/p>\n<p><strong>Mo\u017cesz do nas zadzwoni\u0107, napisa\u0107 lub przyj\u015b\u0107 <\/strong><\/p>\n<p><strong>Je\u015bli mieszkasz w Olsztynie lub\u00a0 w okolicach <\/strong><\/p>\n<p>T.: \u00a089\u00a0527 27 65\u00a0\u00a0\u00a0 \u00a0\u00a0\u00a0\u00a0\u00a0\u00a0\u00a0\u00a0M.:\u00a0 <a href=\"mailto:olsztyn@ih.olsztyn.pl\">olsztyn@ih.olsztyn.pl<\/a><\/p>\n<p>A: ul. D\u0105browszczak\u00f3w 10, 10 \u2013 540 Olsztyn<\/p>\n<p><strong>Je\u015bli mieszkasz w Elbl\u0105gu lub\u00a0 w okolicach <\/strong><\/p>\n<p>T.:\u00a0 55\u00a0641 78 80\u00a0\u00a0\u00a0 \u00a0\u00a0\u00a0\u00a0\u00a0\u00a0\u00a0\u00a0M.:\u00a0 <a href=\"mailto:elblag@ih.olsztyn.pl\">elblag@ih.olsztyn.pl<\/a><\/p>\n<p>A.: ul. Wojska Polskiego 1, 82 \u2013 300 Elbl\u0105g<\/p>\n<p><strong>Je\u015bli mieszkasz w E\u0142ku \u00a0lub w okolicach <\/strong><\/p>\n<p>T.:\u00a0 87\u00a0621 16 53\u00a0\u00a0\u00a0 \u00a0\u00a0\u00a0\u00a0\u00a0\u00a0\u00a0\u00a0\u00a0M.: \u00a0<a href=\"mailto:elk@ih.olsztyn.pl\">elk@ih.olsztyn.pl<\/a><\/p>\n<p>A.: ul. Chopina 15, 19 \u2013 300 E\u0142k<\/p>\n","protected":false},"excerpt":{"rendered":"<p>Informacja o Wojew\u00f3dzkim Inspektoracie Inspekcji Handlowej w Olsztynie \u00a0w tek\u015bcie \u0142atwym do czytania i zrozumienia \u00a0Wojew\u00f3dzki Inspektorat Inspekcji Handlowej w Olsztynie \u2013 \u00a0w skr\u00f3cie \u00a0Inspekcja Handlowa,\u00a0 \u00a0mie\u015bci si\u0119\u00a0 w Olsztynie \u00a0na ul. D\u0105browszczak\u00f3w 10, \u00a0\u00a0\u00a0\u00a0\u00a0\u00a010 \u2013 540 Olsztyn Szefem Inspekcji Handlowej w wojew\u00f3dztwie Warmi\u0144sko \u2013 Mazurskim jest Warmi\u0144sko \u2013 Mazurski Wojew\u00f3dzki Inspektor Inspekcji Handlowej \u2013 [&hellip;]<\/p>\n","protected":false},"author":1,"featured_media":0,"parent":0,"menu_order":0,"comment_status":"closed","ping_status":"closed","template":"","meta":{"cybocfi_hide_featured_image":"","footnotes":""},"class_list":["post-2516","page","type-page","status-publish","hentry"],"_links":{"self":[{"href":"https:\/\/ih.olsztyn.pl\/index.php\/wp-json\/wp\/v2\/pages\/2516","targetHints":{"allow":["GET"]}}],"collection":[{"href":"https:\/\/ih.olsztyn.pl\/index.php\/wp-json\/wp\/v2\/pages"}],"about":[{"href":"https:\/\/ih.olsztyn.pl\/index.php\/wp-json\/wp\/v2\/types\/page"}],"author":[{"embeddable":true,"href":"https:\/\/ih.olsztyn.pl\/index.php\/wp-json\/wp\/v2\/users\/1"}],"replies":[{"embeddable":true,"href":"https:\/\/ih.olsztyn.pl\/index.php\/wp-json\/wp\/v2\/comments?post=2516"}],"version-history":[{"count":2,"href":"https:\/\/ih.olsztyn.pl\/index.php\/wp-json\/wp\/v2\/pages\/2516\/revisions"}],"predecessor-version":[{"id":2797,"href":"https:\/\/ih.olsztyn.pl\/index.php\/wp-json\/wp\/v2\/pages\/2516\/revisions\/2797"}],"wp:attachment":[{"href":"https:\/\/ih.olsztyn.pl\/index.php\/wp-json\/wp\/v2\/media?parent=2516"}],"curies":[{"name":"wp","href":"https:\/\/api.w.org\/{rel}","templated":true}]}}