{"id":227,"date":"2018-05-17T12:40:00","date_gmt":"2018-04-25T12:30:08","guid":{"rendered":"http:\/\/ih.olsztyn.pl\/wordpress\/?page_id=227"},"modified":"2026-04-27T12:38:04","modified_gmt":"2026-04-27T10:38:04","slug":"sprawozdanie-z-dzialalnosci-pozasadowego-rozwiazywania-sporow-konsumenckich","status":"publish","type":"page","link":"https:\/\/ih.olsztyn.pl\/index.php\/sprawozdanie-z-dzialalnosci-pozasadowego-rozwiazywania-sporow-konsumenckich\/","title":{"rendered":"Sprawozdanie z dzia\u0142alno\u015bci Inspekcji Handlowej jako podmiotu w zakresie polubownego rozwi\u0105zywania spor\u00f3w konsumenckich (podmiotu ADR)"},"content":{"rendered":"<ul>\n<li>Rok 2025: <a href=\"http:\/\/ih.olsztyn.pl\/dokumenty\/adr2025.docx\"><strong>wersja dost\u0119pna cyfrowo<\/strong><\/a><a href=\"http:\/\/ih.olsztyn.pl\/dokumenty\/adr2025.pdf\"><strong> .pdf<\/strong><\/a><\/li>\n<li>Rok 2024: <a href=\"http:\/\/ih.olsztyn.pl\/dokumenty\/adr2024.docx\"><strong>wersja dost\u0119pna cyfrowo<\/strong><\/a> <a href=\"http:\/\/ih.olsztyn.pl\/dokumenty\/adr2024.pdf\"><strong>.pdf<\/strong><\/a><\/li>\n<li>Rok 2023: <a href=\"http:\/\/ih.olsztyn.pl\/dokumenty\/adr2023.docx\"><strong>wersja dost\u0119pna cyfrowo<\/strong><\/a><a href=\"http:\/\/ih.olsztyn.pl\/dokumenty\/adr2023.pdf\"><strong> .pdf<\/strong><\/a><\/li>\n<li>Rok 2022: <strong><a href=\"http:\/\/ih.olsztyn.pl\/dokumenty\/adr2022.docx\">wersja dost\u0119pna cyfrowo<\/a><a href=\"http:\/\/ih.olsztyn.pl\/dokumenty\/adr2022.pdf\"> .pdf<\/a><\/strong><\/li>\n<li>Rok 2021: <strong><a href=\"http:\/\/ih.olsztyn.pl\/dokumenty\/adr2021.docx\">wersja dost\u0119pna cyfrowo<\/a><a href=\"http:\/\/ih.olsztyn.pl\/dokumenty\/adr2021.pdf\"> .pdf<\/a><\/strong><\/li>\n<li>Rok 2020: <strong><a href=\"http:\/\/ih.olsztyn.pl\/dokumenty\/adr2020.docx\">wersja dost\u0119pna cyfrowo<\/a><a href=\"http:\/\/ih.olsztyn.pl\/dokumenty\/adr2020.pdf\"> .pdf<\/a><\/strong><\/li>\n<li>Rok 2019: <strong><a href=\"http:\/\/ih.olsztyn.pl\/dokumenty\/adr2019.docx\">wersja dost\u0119pna cyfrowo<\/a> <\/strong><a href=\"http:\/\/ih.olsztyn.pl\/dokumenty\/adr2019.pdf\"><strong>.pdf<\/strong><\/a><\/li>\n<li>Rok 2018: <strong><a href=\"http:\/\/ih.olsztyn.pl\/dokumenty\/adr2018.docx\">wersja dost\u0119pna cyfrowo<\/a> <\/strong><a href=\"http:\/\/ih.olsztyn.pl\/dokumenty\/adr2018.pdf\"><strong>.pdf<\/strong><\/a><\/li>\n<li>Rok 2017:<strong> <a href=\"http:\/\/ih.olsztyn.pl\/dokumenty\/adr2017.docx\">wersja dost\u0119pna cyfrowo<\/a> <a href=\"http:\/\/ih.olsztyn.pl\/dokumenty\/adr2017.pdf\">.pdf<\/a><\/strong><\/li>\n<\/ul>\n<p>&nbsp;<\/p>\n","protected":false},"excerpt":{"rendered":"<p>Rok 2025: wersja dost\u0119pna cyfrowo .pdf Rok 2024: wersja dost\u0119pna cyfrowo .pdf Rok 2023: wersja dost\u0119pna cyfrowo .pdf Rok 2022: wersja dost\u0119pna cyfrowo .pdf Rok 2021: wersja dost\u0119pna cyfrowo .pdf Rok 2020: wersja dost\u0119pna cyfrowo .pdf Rok 2019: wersja dost\u0119pna cyfrowo .pdf Rok 2018: wersja dost\u0119pna cyfrowo .pdf Rok 2017: wersja dost\u0119pna cyfrowo .pdf &nbsp;<\/p>\n","protected":false},"author":1,"featured_media":0,"parent":0,"menu_order":0,"comment_status":"closed","ping_status":"closed","template":"","meta":{"cybocfi_hide_featured_image":"","footnotes":""},"class_list":["post-227","page","type-page","status-publish","hentry"],"_links":{"self":[{"href":"https:\/\/ih.olsztyn.pl\/index.php\/wp-json\/wp\/v2\/pages\/227","targetHints":{"allow":["GET"]}}],"collection":[{"href":"https:\/\/ih.olsztyn.pl\/index.php\/wp-json\/wp\/v2\/pages"}],"about":[{"href":"https:\/\/ih.olsztyn.pl\/index.php\/wp-json\/wp\/v2\/types\/page"}],"author":[{"embeddable":true,"href":"https:\/\/ih.olsztyn.pl\/index.php\/wp-json\/wp\/v2\/users\/1"}],"replies":[{"embeddable":true,"href":"https:\/\/ih.olsztyn.pl\/index.php\/wp-json\/wp\/v2\/comments?post=227"}],"version-history":[{"count":17,"href":"https:\/\/ih.olsztyn.pl\/index.php\/wp-json\/wp\/v2\/pages\/227\/revisions"}],"predecessor-version":[{"id":3538,"href":"https:\/\/ih.olsztyn.pl\/index.php\/wp-json\/wp\/v2\/pages\/227\/revisions\/3538"}],"wp:attachment":[{"href":"https:\/\/ih.olsztyn.pl\/index.php\/wp-json\/wp\/v2\/media?parent=227"}],"curies":[{"name":"wp","href":"https:\/\/api.w.org\/{rel}","templated":true}]}}