{"id":14,"date":"2018-05-17T12:40:00","date_gmt":"2018-02-15T08:42:21","guid":{"rendered":"http:\/\/192.168.0.51\/wordpress\/?page_id=14"},"modified":"2026-03-04T13:14:02","modified_gmt":"2026-03-04T12:14:02","slug":"dyrekcja","status":"publish","type":"page","link":"https:\/\/ih.olsztyn.pl\/index.php\/dyrekcja\/","title":{"rendered":"Dyrekcja"},"content":{"rendered":"<p><strong>Wojew\u00f3dzki Inspektorat Inspekcji Handlowej w Olsztynie jest jednostk\u0105 organizacyjn\u0105 podleg\u0142\u0105 Wojewodzie Warmi\u0144sko-Mazurskiemu, wchodz\u0105c\u0105 w sk\u0142ad zespolonej administracji rz\u0105dowej w wojew\u00f3dztwie.<\/strong><\/p>\n<p><strong>\u00a0<\/strong><\/p>\n<p><strong>Warmi\u0144sko-Mazurski Wojew\u00f3dzki Inspektor Inspekcji Handlowej:<\/strong> <strong><u>Krystyna Procyk<br \/>\n<\/u><\/strong><\/p>\n<p>Zadania Inspekcji Handlowej w wojew\u00f3dztwie warmi\u0144sko-mazurskim wykonuje Wojewoda Warmi\u0144sko-Mazurski przy pomocy Warmi\u0144sko-Mazurskiego Wojew\u00f3dzkiego Inspektora Inspekcji Handlowej w Olsztynie.<\/p>\n<p>Warmi\u0144sko-Mazurski Wojew\u00f3dzki Inspektor Inspekcji Handlowej jest kierownikiem Wojew\u00f3dzkiego Inspektoratu Inspekcji Handlowej w Olsztynie wchodz\u0105cego w sk\u0142ad zespolonej administracji rz\u0105dowej w wojew\u00f3dztwie.<\/p>\n<p>Wojew\u00f3dzki Inspektor kieruje Inspektoratem przy pomocy swojego zast\u0119pcy, wydaje zarz\u0105dzenia, decyzje, wytyczne i polecenia uwzgl\u0119dniaj\u0105ce kierunki dzia\u0142ania i plany opracowane przez Prezesa Urz\u0119du Ochrony Konkurencji i Konsument\u00f3w oraz Wojewod\u0119 Warmi\u0144sko-Mazurskiego.<\/p>\n<p>Do zada\u0144 Wojew\u00f3dzkiego Inspektora nale\u017cy w szczeg\u00f3lno\u015bci:<\/p>\n<ul>\n<li>kontrola legalno\u015bci i rzetelno\u015bci dzia\u0142ania przedsi\u0119biorc\u00f3w prowadz\u0105cych dzia\u0142alno\u015b\u0107 gospodarcz\u0105,<\/li>\n<li>kontrola produkt\u00f3w znajduj\u0105cych si\u0119 w obrocie handlowym w zakresie okre\u015blonym w ustawach reguluj\u0105cych dzia\u0142anie Inspekcji Handlowej,<\/li>\n<li>prowadzenie post\u0119powa\u0144 w sprawie pozas\u0105dowego rozwi\u0105zywania spor\u00f3w konsumenckich,<\/li>\n<li>organizowanie i prowadzenie Sta\u0142ego S\u0105du Polubownego,<\/li>\n<li>prowadzenie poradnictwa konsumenckiego,<\/li>\n<li>kierowanie do w\u0142a\u015bciwych s\u0105d\u00f3w wniosk\u00f3w o ukaranie sprawc\u00f3w wykroczenia oraz zawiadomie\u0144 do organ\u00f3w \u015bcigania o podejrzeniu pope\u0142nieniu przest\u0119pstwa,<\/li>\n<li>prowadzenie listy rzeczoznawc\u00f3w do spraw jako\u015bci produkt\u00f3w i us\u0142ug.<\/li>\n<\/ul>\n<p>Wojew\u00f3dzki Inspektor mo\u017ce zarz\u0105dzi\u0107 w toku kontroli, w drodze decyzji:<\/p>\n<ul>\n<li>ograniczenie wprowadzania produkt\u00f3w do obrotu,<\/li>\n<li>wstrzymanie wprowadzania produkt\u00f3w do obrotu,<\/li>\n<li>wycofanie produkt\u00f3w z obrotu,<\/li>\n<li>wstrzymanie \u015bwiadczenia us\u0142ug,<\/li>\n<li>niezw\u0142oczne usuni\u0119cie stwierdzonych nieprawid\u0142owo\u015bci.<\/li>\n<\/ul>\n<p><strong>Zast\u0119pca Warmi\u0144sko-Mazurskiego Wojew\u00f3dzkiego Inspektora Inspekcji Handlowej:<br \/>\n<\/strong><\/p>\n<p>Do kompetencji Zast\u0119pcy Wojew\u00f3dzkiego Inspektora w szczeg\u00f3lno\u015bci nale\u017cy:<\/p>\n<ul>\n<li>kierowanie prac\u0105 Wojew\u00f3dzkiego Inspektoratu podczas nieobecno\u015bci Wojew\u00f3dzkiego Inspektora,<\/li>\n<li>koordynowanie i nadzorowanie pracy Wydzia\u0142u Nadzoru Rynku, Kontroli Produkt\u00f3w i Us\u0142ug,<\/li>\n<li>koordynowanie i nadzorowanie pracy Delegatury w Elbl\u0105gu i Delegatury w E\u0142ku,<\/li>\n<li>wydawanie decyzji i postanowie\u0144 w zast\u0119pstwie Wojew\u00f3dzkiego Inspektora.<\/li>\n<\/ul>\n<p><strong>Dyrektor Delegatury w Elbl\u0105gu:<\/strong>\u00a0<strong><u>Mariusz M\u0105czka<\/u><\/strong><\/p>\n<p><strong>Dyrektor Delegatury w E\u0142ku:<\/strong> <strong><u>Pawe\u0142 Ratkiewicz<\/u><\/strong><\/p>\n<p>Dyrektorzy Delegatur Wojew\u00f3dzkiego Inspektoratu Inspekcji Handlowej w Olsztynie dzia\u0142aj\u0105 z upowa\u017cnienia Warmi\u0144sko-Mazurskiego Wojew\u00f3dzkiego Inspektora Inspekcji Handlowej, kieruj\u0105 dzia\u0142alno\u015bci\u0105 Delegatury w zakresie powierzonych zada\u0144 i s\u0105 za nie bezpo\u015brednio odpowiedzialni przed Wojew\u00f3dzkim Inspektorem.<\/p>\n<p>&nbsp;<\/p>\n","protected":false},"excerpt":{"rendered":"<p>Wojew\u00f3dzki Inspektorat Inspekcji Handlowej w Olsztynie jest jednostk\u0105 organizacyjn\u0105 podleg\u0142\u0105 Wojewodzie Warmi\u0144sko-Mazurskiemu, wchodz\u0105c\u0105 w sk\u0142ad zespolonej administracji rz\u0105dowej w wojew\u00f3dztwie. \u00a0 Warmi\u0144sko-Mazurski Wojew\u00f3dzki Inspektor Inspekcji Handlowej: Krystyna Procyk Zadania Inspekcji Handlowej w wojew\u00f3dztwie warmi\u0144sko-mazurskim wykonuje Wojewoda Warmi\u0144sko-Mazurski przy pomocy Warmi\u0144sko-Mazurskiego Wojew\u00f3dzkiego Inspektora Inspekcji Handlowej w Olsztynie. Warmi\u0144sko-Mazurski Wojew\u00f3dzki Inspektor Inspekcji Handlowej jest kierownikiem Wojew\u00f3dzkiego Inspektoratu [&hellip;]<\/p>\n","protected":false},"author":1,"featured_media":0,"parent":0,"menu_order":0,"comment_status":"closed","ping_status":"closed","template":"","meta":{"cybocfi_hide_featured_image":"","footnotes":""},"class_list":["post-14","page","type-page","status-publish","hentry"],"_links":{"self":[{"href":"https:\/\/ih.olsztyn.pl\/index.php\/wp-json\/wp\/v2\/pages\/14","targetHints":{"allow":["GET"]}}],"collection":[{"href":"https:\/\/ih.olsztyn.pl\/index.php\/wp-json\/wp\/v2\/pages"}],"about":[{"href":"https:\/\/ih.olsztyn.pl\/index.php\/wp-json\/wp\/v2\/types\/page"}],"author":[{"embeddable":true,"href":"https:\/\/ih.olsztyn.pl\/index.php\/wp-json\/wp\/v2\/users\/1"}],"replies":[{"embeddable":true,"href":"https:\/\/ih.olsztyn.pl\/index.php\/wp-json\/wp\/v2\/comments?post=14"}],"version-history":[{"count":17,"href":"https:\/\/ih.olsztyn.pl\/index.php\/wp-json\/wp\/v2\/pages\/14\/revisions"}],"predecessor-version":[{"id":3476,"href":"https:\/\/ih.olsztyn.pl\/index.php\/wp-json\/wp\/v2\/pages\/14\/revisions\/3476"}],"wp:attachment":[{"href":"https:\/\/ih.olsztyn.pl\/index.php\/wp-json\/wp\/v2\/media?parent=14"}],"curies":[{"name":"wp","href":"https:\/\/api.w.org\/{rel}","templated":true}]}}

<p><strong>Wojewódzki Inspektorat Inspekcji Handlowej w Olsztynie jest jednostką organizacyjną podległą Wojewodzie Warmińsko-Mazurskiemu, wchodzącą w skład zespolonej administracji rządowej w województwie.</strong></p>
<p><strong> </strong></p>
<p><strong>Warmińsko-Mazurski Wojewódzki Inspektor Inspekcji Handlowej:</strong> <strong><u>Krystyna Procyk<br />
</u></strong></p>
<p>Zadania Inspekcji Handlowej w województwie warmińsko-mazurskim wykonuje Wojewoda Warmińsko-Mazurski przy pomocy Warmińsko-Mazurskiego Wojewódzkiego Inspektora Inspekcji Handlowej w Olsztynie.</p>
<p>Warmińsko-Mazurski Wojewódzki Inspektor Inspekcji Handlowej jest kierownikiem Wojewódzkiego Inspektoratu Inspekcji Handlowej w Olsztynie wchodzącego w skład zespolonej administracji rządowej w województwie.</p>
<p>Wojewódzki Inspektor kieruje Inspektoratem przy pomocy swojego zastępcy, wydaje zarządzenia, decyzje, wytyczne i polecenia uwzględniające kierunki działania i plany opracowane przez Prezesa Urzędu Ochrony Konkurencji i Konsumentów oraz Wojewodę Warmińsko-Mazurskiego.</p>
<p>Do zadań Wojewódzkiego Inspektora należy w szczególności:</p>
<ul>
<li>kontrola legalności i rzetelności działania przedsiębiorców prowadzących działalność gospodarczą,</li>
<li>kontrola produktów znajdujących się w obrocie handlowym w zakresie określonym w ustawach regulujących działanie Inspekcji Handlowej,</li>
<li>prowadzenie postępowań w sprawie pozasądowego rozwiązywania sporów konsumenckich,</li>
<li>organizowanie i prowadzenie Stałego Sądu Polubownego,</li>
<li>prowadzenie poradnictwa konsumenckiego,</li>
<li>kierowanie do właściwych sądów wniosków o ukaranie sprawców wykroczenia oraz zawiadomień do organów ścigania o podejrzeniu popełnieniu przestępstwa,</li>
<li>prowadzenie listy rzeczoznawców do spraw jakości produktów i usług.</li>
</ul>
<p>Wojewódzki Inspektor może zarządzić w toku kontroli, w drodze decyzji:</p>
<ul>
<li>ograniczenie wprowadzania produktów do obrotu,</li>
<li>wstrzymanie wprowadzania produktów do obrotu,</li>
<li>wycofanie produktów z obrotu,</li>
<li>wstrzymanie świadczenia usług,</li>
<li>niezwłoczne usunięcie stwierdzonych nieprawidłowości.</li>
</ul>
<p><strong>Zastępca Warmińsko-Mazurskiego Wojewódzkiego Inspektora Inspekcji Handlowej:<br />
</strong></p>
<p>Do kompetencji Zastępcy Wojewódzkiego Inspektora w szczególności należy:</p>
<ul>
<li>kierowanie pracą Wojewódzkiego Inspektoratu podczas nieobecności Wojewódzkiego Inspektora,</li>
<li>koordynowanie i nadzorowanie pracy Wydziału Nadzoru Rynku, Kontroli Produktów i Usług,</li>
<li>koordynowanie i nadzorowanie pracy Delegatury w Elblągu i Delegatury w Ełku,</li>
<li>wydawanie decyzji i postanowień w zastępstwie Wojewódzkiego Inspektora.</li>
</ul>
<p><strong>Dyrektor Delegatury w Elblągu:</strong> <strong><u>Mariusz Mączka</u></strong></p>
<p><strong>Dyrektor Delegatury w Ełku:</strong> <strong><u>Paweł Ratkiewicz</u></strong></p>
<p>Dyrektorzy Delegatur Wojewódzkiego Inspektoratu Inspekcji Handlowej w Olsztynie działają z upoważnienia Warmińsko-Mazurskiego Wojewódzkiego Inspektora Inspekcji Handlowej, kierują działalnością Delegatury w zakresie powierzonych zadań i są za nie bezpośrednio odpowiedzialni przed Wojewódzkim Inspektorem.</p>
<p>&nbsp;</p>

<p>Wojewódzki Inspektorat Inspekcji Handlowej w Olsztynie jest jednostką organizacyjną podległą Wojewodzie Warmińsko-Mazurskiemu, wchodzącą w skład zespolonej administracji rządowej w województwie.   Warmińsko-Mazurski Wojewódzki Inspektor Inspekcji Handlowej: Krystyna Procyk Zadania Inspekcji Handlowej w województwie warmińsko-mazurskim wykonuje Wojewoda Warmińsko-Mazurski przy pomocy Warmińsko-Mazurskiego Wojewódzkiego Inspektora Inspekcji Handlowej w Olsztynie. Warmińsko-Mazurski Wojewódzki Inspektor Inspekcji Handlowej jest kierownikiem Wojewódzkiego Inspektoratu [&hellip;]</p>
