{"id":1008,"date":"2019-12-22T17:10:37","date_gmt":"2019-12-22T16:10:37","guid":{"rendered":"https:\/\/ih.olsztyn.pl\/?page_id=1008"},"modified":"2020-07-24T08:52:12","modified_gmt":"2020-07-24T06:52:12","slug":"schemat-organizacyjny","status":"publish","type":"page","link":"https:\/\/ih.olsztyn.pl\/index.php\/schemat-organizacyjny\/","title":{"rendered":"Schemat organizacyjny"},"content":{"rendered":"<p><strong>SCHEMAT ORGANIZACYJNY WOJEW\u00d3DZKIEGO INSPEKTORATU INSPEKCJI HANDLOWEJ W OLSZTYNIE<\/strong><\/p>\n<p><strong>Schemat: <a href=\"http:\/\/ih.olsztyn.pl\/dokumenty\/schemat_olsztyn.docx\">wersja dost\u0119pna cyfrowo<\/a> <a href=\"http:\/\/ih.olsztyn.pl\/dokumenty\/schemat_olsztyn.pdf\">.pdf<\/a><\/strong><\/p>\n<p>Wojew\u00f3dzkiemu Inspektorowi podlegaj\u0105:<\/p>\n<ul>\n<li>Wydzia\u0142 Prawno-Organizacyjny i do spraw Pozas\u0105dowego Rozwi\u0105zywania Spor\u00f3w Konsumenckich<\/li>\n<li>Wydzia\u0142 Bud\u017cetowo-Administracyjny<\/li>\n<li>Sekretariat Sta\u0142ego S\u0105du Polubownego<\/li>\n<\/ul>\n<p>Wojew\u00f3dzkiemu Inspektorowi podlega tak\u017ce Zast\u0119pca Wojew\u00f3dzkiego Inspektora kt\u00f3ry koordynuje prac\u0105:<\/p>\n<ul>\n<li>Wydzia\u0142u Nadzoru Rynku, Kontroli Produkt\u00f3w i Us\u0142ug<\/li>\n<li>Delegatury Wojew\u00f3dzkiego Inspektoratu w Elbl\u0105gu<\/li>\n<li>Delegatury Wojew\u00f3dzkiego Inspektoratu w E\u0142ku<\/li>\n<\/ul>\n<p>&nbsp;<\/p>\n<p><strong>Teren dzia\u0142ania Delegatury Wojew\u00f3dzkiego Inspektoratu w Elbl\u0105gu:<\/strong> powiaty grodzki i ziemski elbl\u0105ski, powiaty ziemskie: braniewski, bartoszycki i lidzbarski<\/p>\n<p><strong>Teren dzia\u0142ania Delegatury Wojew\u00f3dzkiego Inspektoratu w E\u0142ku: <\/strong>powiaty ziemskie: e\u0142cki, piski, olecki, go\u0142dapski, gi\u017cycki, w\u0119gorzewski.<\/p>\n<p>&nbsp;<\/p>\n<p><strong>SCHEMAT ORGANIZACYJNY DELEGATURY<\/strong><\/p>\n<p><strong>Schemat: <a href=\"http:\/\/ih.olsztyn.pl\/dokumenty\/schemat_delegatury.docx\">wersja dost\u0119pna cyfrowo<\/a> <\/strong><a href=\"http:\/\/ih.olsztyn.pl\/dokumenty\/schemat_delegatury.pdf\"><strong>.pdf<\/strong><\/a><\/p>\n<p>Dyrektorowi Delegatury podlegaj\u0105:<\/p>\n<ul>\n<li>Zesp\u00f3\u0142 Kontroli<\/li>\n<li>Jednoosobowe Stanowisko do spraw Prawnych<\/li>\n<li>Jednoosobowe stanowisko do spraw Ochrony Konsument\u00f3w<\/li>\n<\/ul>\n","protected":false},"excerpt":{"rendered":"<p>SCHEMAT ORGANIZACYJNY WOJEW\u00d3DZKIEGO INSPEKTORATU INSPEKCJI HANDLOWEJ W OLSZTYNIE Schemat: wersja dost\u0119pna cyfrowo .pdf Wojew\u00f3dzkiemu Inspektorowi podlegaj\u0105: Wydzia\u0142 Prawno-Organizacyjny i do spraw Pozas\u0105dowego Rozwi\u0105zywania Spor\u00f3w Konsumenckich Wydzia\u0142 Bud\u017cetowo-Administracyjny Sekretariat Sta\u0142ego S\u0105du Polubownego Wojew\u00f3dzkiemu Inspektorowi podlega tak\u017ce Zast\u0119pca Wojew\u00f3dzkiego Inspektora kt\u00f3ry koordynuje prac\u0105: Wydzia\u0142u Nadzoru Rynku, Kontroli Produkt\u00f3w i Us\u0142ug Delegatury Wojew\u00f3dzkiego Inspektoratu w Elbl\u0105gu Delegatury Wojew\u00f3dzkiego [&hellip;]<\/p>\n","protected":false},"author":1,"featured_media":0,"parent":0,"menu_order":0,"comment_status":"closed","ping_status":"closed","template":"","meta":{"cybocfi_hide_featured_image":"","footnotes":""},"class_list":["post-1008","page","type-page","status-publish","hentry"],"_links":{"self":[{"href":"https:\/\/ih.olsztyn.pl\/index.php\/wp-json\/wp\/v2\/pages\/1008","targetHints":{"allow":["GET"]}}],"collection":[{"href":"https:\/\/ih.olsztyn.pl\/index.php\/wp-json\/wp\/v2\/pages"}],"about":[{"href":"https:\/\/ih.olsztyn.pl\/index.php\/wp-json\/wp\/v2\/types\/page"}],"author":[{"embeddable":true,"href":"https:\/\/ih.olsztyn.pl\/index.php\/wp-json\/wp\/v2\/users\/1"}],"replies":[{"embeddable":true,"href":"https:\/\/ih.olsztyn.pl\/index.php\/wp-json\/wp\/v2\/comments?post=1008"}],"version-history":[{"count":4,"href":"https:\/\/ih.olsztyn.pl\/index.php\/wp-json\/wp\/v2\/pages\/1008\/revisions"}],"predecessor-version":[{"id":1202,"href":"https:\/\/ih.olsztyn.pl\/index.php\/wp-json\/wp\/v2\/pages\/1008\/revisions\/1202"}],"wp:attachment":[{"href":"https:\/\/ih.olsztyn.pl\/index.php\/wp-json\/wp\/v2\/media?parent=1008"}],"curies":[{"name":"wp","href":"https:\/\/api.w.org\/{rel}","templated":true}]}}

<p><strong>SCHEMAT ORGANIZACYJNY WOJEWÓDZKIEGO INSPEKTORATU INSPEKCJI HANDLOWEJ W OLSZTYNIE</strong></p>
<p><strong>Schemat: <a href="http://ih.olsztyn.pl/dokumenty/schemat_olsztyn.docx">wersja dostępna cyfrowo</a> <a href="http://ih.olsztyn.pl/dokumenty/schemat_olsztyn.pdf">.pdf</a></strong></p>
<p>Wojewódzkiemu Inspektorowi podlegają:</p>
<ul>
<li>Wydział Prawno-Organizacyjny i do spraw Pozasądowego Rozwiązywania Sporów Konsumenckich</li>
<li>Wydział Budżetowo-Administracyjny</li>
<li>Sekretariat Stałego Sądu Polubownego</li>
</ul>
<p>Wojewódzkiemu Inspektorowi podlega także Zastępca Wojewódzkiego Inspektora który koordynuje pracą:</p>
<ul>
<li>Wydziału Nadzoru Rynku, Kontroli Produktów i Usług</li>
<li>Delegatury Wojewódzkiego Inspektoratu w Elblągu</li>
<li>Delegatury Wojewódzkiego Inspektoratu w Ełku</li>
</ul>
<p>&nbsp;</p>
<p><strong>Teren działania Delegatury Wojewódzkiego Inspektoratu w Elblągu:</strong> powiaty grodzki i ziemski elbląski, powiaty ziemskie: braniewski, bartoszycki i lidzbarski</p>
<p><strong>Teren działania Delegatury Wojewódzkiego Inspektoratu w Ełku: </strong>powiaty ziemskie: ełcki, piski, olecki, gołdapski, giżycki, węgorzewski.</p>
<p>&nbsp;</p>
<p><strong>SCHEMAT ORGANIZACYJNY DELEGATURY</strong></p>
<p><strong>Schemat: <a href="http://ih.olsztyn.pl/dokumenty/schemat_delegatury.docx">wersja dostępna cyfrowo</a> </strong><a href="http://ih.olsztyn.pl/dokumenty/schemat_delegatury.pdf"><strong>.pdf</strong></a></p>
<p>Dyrektorowi Delegatury podlegają:</p>
<ul>
<li>Zespół Kontroli</li>
<li>Jednoosobowe Stanowisko do spraw Prawnych</li>
<li>Jednoosobowe stanowisko do spraw Ochrony Konsumentów</li>
</ul>

<p>SCHEMAT ORGANIZACYJNY WOJEWÓDZKIEGO INSPEKTORATU INSPEKCJI HANDLOWEJ W OLSZTYNIE Schemat: wersja dostępna cyfrowo .pdf Wojewódzkiemu Inspektorowi podlegają: Wydział Prawno-Organizacyjny i do spraw Pozasądowego Rozwiązywania Sporów Konsumenckich Wydział Budżetowo-Administracyjny Sekretariat Stałego Sądu Polubownego Wojewódzkiemu Inspektorowi podlega także Zastępca Wojewódzkiego Inspektora który koordynuje pracą: Wydziału Nadzoru Rynku, Kontroli Produktów i Usług Delegatury Wojewódzkiego Inspektoratu w Elblągu Delegatury Wojewódzkiego [&hellip;]</p>
