{"id":1005,"date":"2019-12-22T17:00:16","date_gmt":"2019-12-22T16:00:16","guid":{"rendered":"https:\/\/ih.olsztyn.pl\/?page_id=1005"},"modified":"2019-12-22T17:00:16","modified_gmt":"2019-12-22T16:00:16","slug":"schemat-procedury-kontroli","status":"publish","type":"page","link":"https:\/\/ih.olsztyn.pl\/index.php\/schemat-procedury-kontroli\/","title":{"rendered":"Schemat procedury kontroli"},"content":{"rendered":"<p><strong>Schemat: <a href=\"http:\/\/ih.olsztyn.pl\/dokumenty\/procedura_kontroli.docx\">wersja dost\u0119pna cyfrowo<\/a> <a href=\"http:\/\/ih.olsztyn.pl\/dokumenty\/procedura_kontroli.pdf\">.pdf<\/a><\/strong><\/p>\n<p><strong>Og\u00f3lny schemat kontroli Inspekcji\u00a0 Handlowej<\/strong><\/p>\n<ol>\n<li>Zawiadomienie przedsi\u0119biorcy o zamiarze wszcz\u0119cia kontroli<\/li>\n<li>Okazanie przedsi\u0119biorcy lub osobie przez niego upowa\u017cnionej legitymacji, dor\u0119czenie upowa\u017cnienia do kontroli i poinformowanie o prawach i obowi\u0105zkach<\/li>\n<li>Dokonanie wpis\u00f3w w ksi\u0105\u017cce kontroli<\/li>\n<li>Przeprowadzenie czynno\u015bci kontrolnych w zakresie i czasie okre\u015blonym w upowa\u017cnieniu, w szczeg\u00f3lno\u015bci pobranie pr\u00f3bek do bada\u0144 laboratoryjnych lub oceny organoleptycznej i przeprowadzenie bada\u0144<\/li>\n<li>Sporz\u0105dzenie protoko\u0142u kontroli dokumentuj\u0105cego ustalenia kontroli, zapoznanie si\u0119 i podpisanie protoko\u0142u kontroli przez kontrolowanego lub osob\u0119 upowa\u017cnion\u0105, dor\u0119czenie kontrolowanemu lub osobie upowa\u017cnionej egzemplarza protoko\u0142u kontroli<\/li>\n<\/ol>\n<p><strong>\u00a0<\/strong><\/p>\n<p><strong>Uwagi<\/strong><\/p>\n<ol>\n<li>Rozpocz\u0119cie kontroli nast\u0119puje nie wcze\u015bniej ni\u017c po up\u0142ywie 7 i nie p\u00f3\u017aniej ni\u017c przed up\u0142ywem 30 dni od dnia dor\u0119czenie zawiadomienia; na wniosek przedsi\u0119biorcy kontrol\u0119 mo\u017cna wszcz\u0105\u0107 przed up\u0142ywem 7 dni<\/li>\n<li>Czynno\u015bci kontrolne zwi\u0105zane z pobieraniem pr\u00f3bek i dokonywaniem ogl\u0119dzin mog\u0105 by\u0107 przeprowadzone przed up\u0142ywem 7 dni od dnia dor\u0119czenia zawiadomienia<\/li>\n<li>Zawiadomienie nie jest wymagane m.in. w przypadku:<\/li>\n<\/ol>\n<ul>\n<li>kontroli przeprowadzonych na podstawie bezpo\u015brednio stosowanego prawa wsp\u00f3lnotowego,<\/li>\n<li>bezpo\u015bredniego zagro\u017cenia \u017cycia , zdrowia lub \u015brodowiska naturalnego,<\/li>\n<li>gdy przedsi\u0119biorca nie ma adresu lub dor\u0119czenie by\u0142o bezskuteczne lub utrudnione<\/li>\n<\/ul>\n<ol start=\"4\">\n<li>Obecno\u015b\u0107 kontrolowanego lub osoby upowa\u017cnionej nie jest wymagana, gdy przeprowadzenie kontroli jest uzasadnione bezpo\u015brednim zagro\u017ceniem \u017cycia, zdrowia lub \u015brodowiska naturalnego<\/li>\n<li>Czas kontroli: godziny pracy lub czas faktycznego wykonywania dzia\u0142alno\u015bci gospodarczej przez kontrolowanego<\/li>\n<li>Kontrolowany mo\u017ce wnie\u015b\u0107 uwagi lub odm\u00f3wi\u0107 podpisania protoko\u0142u<\/li>\n<\/ol>\n<p>&nbsp;<\/p>\n<p>&nbsp;<\/p>\n<p>&nbsp;<\/p>\n","protected":false},"excerpt":{"rendered":"<p>Schemat: wersja dost\u0119pna cyfrowo .pdf Og\u00f3lny schemat kontroli Inspekcji\u00a0 Handlowej Zawiadomienie przedsi\u0119biorcy o zamiarze wszcz\u0119cia kontroli Okazanie przedsi\u0119biorcy lub osobie przez niego upowa\u017cnionej legitymacji, dor\u0119czenie upowa\u017cnienia do kontroli i poinformowanie o prawach i obowi\u0105zkach Dokonanie wpis\u00f3w w ksi\u0105\u017cce kontroli Przeprowadzenie czynno\u015bci kontrolnych w zakresie i czasie okre\u015blonym w upowa\u017cnieniu, w szczeg\u00f3lno\u015bci pobranie pr\u00f3bek do bada\u0144 [&hellip;]<\/p>\n","protected":false},"author":1,"featured_media":0,"parent":0,"menu_order":0,"comment_status":"closed","ping_status":"closed","template":"","meta":{"cybocfi_hide_featured_image":"","footnotes":""},"class_list":["post-1005","page","type-page","status-publish","hentry"],"_links":{"self":[{"href":"https:\/\/ih.olsztyn.pl\/index.php\/wp-json\/wp\/v2\/pages\/1005","targetHints":{"allow":["GET"]}}],"collection":[{"href":"https:\/\/ih.olsztyn.pl\/index.php\/wp-json\/wp\/v2\/pages"}],"about":[{"href":"https:\/\/ih.olsztyn.pl\/index.php\/wp-json\/wp\/v2\/types\/page"}],"author":[{"embeddable":true,"href":"https:\/\/ih.olsztyn.pl\/index.php\/wp-json\/wp\/v2\/users\/1"}],"replies":[{"embeddable":true,"href":"https:\/\/ih.olsztyn.pl\/index.php\/wp-json\/wp\/v2\/comments?post=1005"}],"version-history":[{"count":1,"href":"https:\/\/ih.olsztyn.pl\/index.php\/wp-json\/wp\/v2\/pages\/1005\/revisions"}],"predecessor-version":[{"id":1006,"href":"https:\/\/ih.olsztyn.pl\/index.php\/wp-json\/wp\/v2\/pages\/1005\/revisions\/1006"}],"wp:attachment":[{"href":"https:\/\/ih.olsztyn.pl\/index.php\/wp-json\/wp\/v2\/media?parent=1005"}],"curies":[{"name":"wp","href":"https:\/\/api.w.org\/{rel}","templated":true}]}}